ase 4, what is -102131033020032 + 0?
-102131033020032
In base 7, what is 2 - 1364544544?
-1364544542
In base 7, what is 52 - 655002?
-654620
In base 5, what is -3012040400 + 0?
-3012040400
In base 4, what is -12221022132 - -20?
-12221022112
In base 8, what is 14 + -5016224?
-5016210
In base 10, what is 501 - -3222?
3723
In base 5, what is -201104213 - 222?
-201104440
In base 12, what is 1152b + 6286?
177b5
In base 8, what is 12131117 + 67?
12131206
In base 12, what is 667335a - -5?
6673363
In base 16, what is -10d + e1b?
d0e
In base 13, what is 2603485 - -3?
2603488
In base 6, what is 5310444 + 31?
5310515
In base 8, what is 122407301 - 10?
122407271
In base 3, what is 12112010000112022 + 2?
12112010000112101
In base 11, what is 7 + 8657a7?
865803
In base 9, what is 1781 + 2005?
3786
In base 7, what is -156605 - -120461?
-36114
In base 3, what is 121212101 - 21110?
121120221
In base 2, what is 100100100101100100001111110 + 101?
100100100101100100010000011
In base 10, what is -4058708 - 10?
-4058718
In base 11, what is -113 + -8397?
-84aa
In base 12, what is -64a1 - 1192?
-7673
In base 13, what is -1a + 8295a3?
829586
In base 14, what is 4 + 88bd3?
88bd7
In base 13, what is -10 + 65115b?
65114b
In base 10, what is 11112 - -1304?
12416
In base 7, what is -53454135 + 61?
-53454044
In base 13, what is -9b3 + -68c?
-1372
In base 4, what is -33333001320 - -2023?
-33332333231
In base 9, what is -2408 + 16131?
13622
In base 8, what is -165335 + -15527?
-203064
In base 3, what is -1200 - -201000112112?
201000110212
In base 11, what is -250611 + 228?
-250394
In base 15, what is 5b3 + -789?
-1c6
In base 2, what is 110110010110011111101 + -1101011?
110110010110010010010
In base 8, what is 63077 + 2532?
65631
In base 10, what is 3822494 - -5?
3822499
In base 7, what is 4 + 1500262?
1500266
In base 9, what is -183 - -337532?
337338
In base 4, what is 12330103211332 + -3?
12330103211323
In base 14, what is -230d3 - -32?
-230a1
In base 5, what is -4311 - -1342233?
1332422
In base 11, what is -42683 + 6926?
-36858
In base 7, what is 4 + 5351131?
5351135
In base 11, what is -40143 + -850?
-40993
In base 5, what is 1 - -1011032120?
1011032121
In base 15, what is -bdd + -5e76?
-6b64
In base 14, what is -65c11d0 - -2?
-65c11cc
In base 2, what is 10110001010001111 - 111100001110?
10101001110000001
In base 12, what is -139 + -420b?
-4348
In base 2, what is -1010100100000001111110000010 - 0?
-1010100100000001111110000010
In base 4, what is -302310001210 + -22?
-302310001232
In base 9, what is 14 + 1485572?
1485586
In base 2, what is -1100 + -11110100000000111000?
-11110100000001000100
In base 3, what is 101112001022 + 21000?
101112022022
In base 15, what is 64 + -928ab?
-92847
In base 9, what is -17 + -138225044?
-138225062
In base 16, what is -256fe - 1738?
-26e36
In base 13, what is 0 + 1801145?
1801145
In base 14, what is -4bbc215a - 5?
-4bbc2161
In base 2, what is -10000010100001111 + -1000110100?
-10000011101000011
In base 11, what is 12228 - 226?
12002
In base 13, what is c + -22214cc?
-22214c0
In base 12, what is 22a481 + -41?
22a440
In base 8, what is 2323416 + 1?
2323417
In base 2, what is 100010 - -1011001010011101110?
1011001010100010000
In base 6, what is -5 - 504031414?
-504031423
In base 15, what is 34 - -dab04?
dab38
In base 9, what is 230 + 68465?
68705
In base 16, what is -11f - 1a2cc?
-1a3eb
In base 10, what is 377999 - 4?
377995
In base 2, what is -110001111011111100 + 101101010101?
-110001001110100111
In base 2, what is -10110110 - -101111001100101110?
101111001001111000
In base 15, what is -1 + 8172674?
8172673
In base 10, what is 263374 - 13?
263361
In base 14, what is 189b60 + -7?
189b57
In base 10, what is -2213917 - 19?
-2213936
In base 2, what is 1001110110 + -110100000101001?
-110010110110011
In base 4, what is -2133023 + 100111?
-2032312
In base 12, what is 10749 + 239?
10986
In base 4, what is 20311131121003 + 1?
20311131121010
In base 14, what is 174a16 + 1?
174a17
In base 9, what is 8506 - -40318?
48825
In base 14, what is 4 + 80bb3?
80bb7
In base 2, what is 100000111000100011011 + 101011?
100000111000101000110
In base 7, what is 5424202 + 536?
5425041
In base 4, what is -12030 + -3033210?
-3111300
In base 12, what is -36 - 180075?
-1800ab
In base 7, what is -5 - 24040031?
-24040036
In base 4, what is -1 - -23023112113?
23023112112
In base 6, what is -1414212043 - 23?
-1414212110
In base 13, what is -b + 56c658?
56c64a
In base 10, what is 101549627 - -1?
101549628
In base 4, what is 3212102020010 - -11?
3212102020021
In base 5, what is 2023 + 320000440?
320003013
In base 16, what is 0 + 11f7bbd8?
11f7bbd8
In base 2, what is 1011001101111000 - 101110010?
1011001000000110
In base 12, what is -11 + 6670785?
6670774
In base 4, what is -20212000 + -1010132?
-21222132
In base 15, what is 1592e - d7?
15847
In base 10, what is -7 + -6997886?
-6997893
In base 11, what is -4a5a42 - -9?
-4a5a34
In base 5, what is 1014234 - 122210?
342024
In base 6, what is 1434545 - -50?
1435035
In base 6, what is -52 - 3123220?
-3123312
In base 10, what is 2899 + 1275?
4174
In base 5, what is -432412203 + -24?
-432412232
In base 5, what is 124431310 + -3014?
124423241
In base 8, what is -211 - 245225?
-245436
In base 4, what is 10121113 + 1011?
10122130
In base 4, what is -111121320313 + -3?
-111121320322
In base 8, what is 246621 + 567?
247410
In base 10, what is -2629 + 835?
-1794
In base 10, what is -8 - 71971260?
-71971268
In base 8, what is 5 + -3501714?
-3501707
In base 14, what is 1d4a2cd3d + 0?
1d4a2cd3d
In base 6, what is -5 + 453205125?
453205120
In base 3, what is -10 - 100212000212011?
-100212000212021
In base 4, what is 201200 + -31031?
110103
In base 4, what is 0 - -20301202013?
20301202013
In base 7, what is 5 - -54454434?
54454442
In base 16, what is -17a - b6c?
-ce6
In base 13, what is -132a9cc - -13?
-132a9b9
In base 15, what is -14 - -77e8b?
77e77
In base 13, what is a37 - -b097?
bb01
In base 11, what is -222 - 34016?
-34238
In base 15, what is -128 + 1b9?
91
In base 3, what is -20 + 2022211001221121?
2022211001221101
In base 11, what is -145a56a + 55?
-145a515
In base 2, what is 11000010 + 10110011010101101011?
10110011011000101101
In base 2, what is -10101110110 + 1011110010?
-1010000100
In base 16, what is 3b8 - -2adb5?
2b16d
In base 3, what is 2022120 + 102200210?
112000100
In base 13, what is -1c6 - 1ba5c?
-1bc55
In base 7, what is 115305 + 162?
115500
In base 5, what is -31233111202 + 132?
-31233111020
In base 8, what is 21476177 + 3?
21476202
In base 3, what is -111122222210 + 111?
-111122222022
In base 16, what is 2 - 1c9255?
-1c9253
In base 15, what is -26b9b + 2b?
-26b70
In base 12, what is 7a56b8 + -11?
7a56a7
In base 2, what is -10111001000110101 - -1001011001?
-10110111111011100
In base 8, what is 651470 - -66?
651556
In base 3, what is -12 + -1012122100201220?
-1012122100202002
In base 3, what is -2 + 22212000212200?
22212000212121
In base 7, what is 253351 + -3556?
246462
In base 5, what is 3134314 - -20110?
3204424
In base 2, what is -101010100010100111 + -100110000?
-101010100111010111
In base 6, what is -141213443025 - 4?
-141213443033
In base 4, what is 11011233313 - 10?
11011233303
In base 7, what is -55026110 + -4?
-55026114
In base 8, what is -2417525 + 20?
-2417505
In base 7, what is 103 - 36530?
-36424
In base 14, what is 57 - -20c9d4?
20ca4b
In base 7, what is 6110 + 5500042?
5506152
In base 2, what is 101000 - -1001100100001100011?
1001100100010001011
In base 5, what is 112043242 + 3?
112043300
In base 6, what is 244 - 141111125?
-141110441
In base 14, what is 2 - 1bdb0a8c?
-1bdb0a8a
In base 12, what is 407132b - -1?
4071330
In base 2, what is -11101011111100101010000111101 + 1?
-11101011111100101010000111100
In base 13, what is 337 + 174035?
17436c
In base 11, what is 5 + -28272a2?
-2827298
In base 8, what is 23 - -602477?
602522
In base 3, what is 121011022211 - -10021020?
121021121001
In base 3, what is 120 - 11111120211?
-11111120021
In base 16, what is -ea9 + -108f?
-1f38
In base 9, what is 122601 - -154?
122755
In base 3, what is 122 - -220120101121?
220120102020
In base 7, what is -25 + -3663211?
-3663236
In base 9, what is -25525 - 1066?
-26602
In base 8, what is 46764 - 43205?
3557
In base 16, what is -30